ase 12) to base 7
1231153
-14232114 (base 5) to base 13
-52ab2
What is -aa2b85 (base 12) in base 16?
-293615
-112574 (base 14) to base 2
-10001110010010011010
What is -414111223 (base 5) in base 13?
-479cc7
Convert -123033210330 (base 4) to base 16.
-6cf93c
-35103644 (base 8) to base 4
-131020132210
15544150 (base 6) to base 15
b05e0
-3ca48 (base 16) to base 2
-111100101001001000
What is 340564 (base 9) in base 16?
31c4e
Convert 4c4505 (base 16) to base 7.
60325416
3033122033 (base 4) to base 3
1121011100212
What is 2381105 (base 10) in base 2?
1001000101010100110001
10202320110 (base 4) to base 3
2020112100120
Convert 91897 (base 16) to base 12.
248b87
Convert 2368a (base 12) to base 10.
47626
What is 1000100010100001101100 (base 2) in base 15?
2e3432
What is 2275a64 (base 13) in base 12?
36774a0
What is -300143 (base 6) in base 9?
-35070
What is -1101033131 (base 4) in base 16?
-513dd
What is -1162174 (base 10) in base 5?
-244142144
Convert -113443 (base 11) to base 12.
-88360
Convert -1100100110110001001 (base 2) to base 5.
-101204230
11111111010001010 (base 2) to base 11
8a217
-2e2921 (base 15) to base 6
-115533134
What is 11212111100 (base 3) in base 5?
11031414
What is -6528412 (base 9) in base 3?
-20120222110102
-111110011100100011001 (base 2) to base 8
-7634431
What is d05d4 (base 14) in base 10?
500574
Convert -830598 (base 10) to base 12.
-340806
11210222122 (base 3) to base 2
10111001000101000
-255519a (base 11) to base 15
-5c7212
What is 1615b1 (base 15) in base 6?
34515251
Convert -4006351 (base 8) to base 12.
-428889
-322738 (base 10) to base 5
-40311423
What is 11a1641 (base 12) in base 5?
1340213232
What is -843c0 (base 14) in base 2?
-1001101111001010100
Convert 1043124 (base 9) to base 13.
167b60
What is -120321301 (base 4) in base 7?
-603244
-5a668b (base 14) to base 2
-1011110010101001100011
What is -20058 (base 9) in base 16?
-3377
-5263770 (base 8) to base 10
-1402872
What is 18d36 (base 16) in base 7?
602314
Convert -16523 (base 9) to base 16.
-2c61
-53403 (base 14) to base 8
-610613
What is -2133220001 (base 4) in base 16?
-9fa01
-25b43a (base 14) to base 6
-43500420
What is 31563100 (base 7) in base 2?
1010010000001100110101
What is 200010121202200 (base 3) in base 7?
144625551
What is 1020454 (base 6) in base 3?
2111210121
-400232314 (base 5) to base 16
-17f88f
Convert -1135185 (base 9) to base 15.
-c1dbb
-b066b (base 14) to base 6
-13030131
-2b93a (base 13) to base 5
-10122414
313628 (base 9) to base 15
3a372
-14214400 (base 6) to base 15
-987e6
What is 1a73aa (base 12) in base 14?
c2c14
-1200101013 (base 4) to base 10
-394311
What is 83115b (base 13) in base 14?
598861
What is 8a9c32 (base 15) in base 3?
110110001012202
Convert -11000101101011101 (base 2) to base 8.
-305535
94239 (base 13) to base 3
111112012010
-78077 (base 11) to base 8
-335103
Convert 142413323 (base 5) to base 16.
b69bb
-140449 (base 10) to base 14
-39281
-548a4 (base 12) to base 2
-11011010011111100
What is 2619586 (base 10) in base 11?
152a152
Convert -244055 (base 7) to base 11.
-30593
What is -1000011011011111111011 (base 2) in base 4?
-20123133323
Convert -388768 (base 13) to base 10.
-1361212
Convert 7aa18 (base 11) to base 9.
187468
What is -2443410 (base 9) in base 3?
-2111110110100
Convert 11110001011000100100 (base 2) to base 7.
11255350
Convert 1010101011001000001 (base 2) to base 5.
42143021
What is d960 (base 15) in base 5?
2432430
Convert 303003001 (base 5) to base 9.
2257284
-931357 (base 10) to base 5
-214300412
What is 123304 (base 14) in base 5?
124422410
Convert 100691 (base 13) to base 10.
372425
321331012 (base 4) to base 6
5030554
What is 35623 (base 9) in base 4?
11310123
-20011000033 (base 4) to base 10
-2117647
What is -1553424 (base 9) in base 12?
-356a34
Convert -8bc3 (base 13) to base 5.
-1111334
Convert 1011110101001100001000 (base 2) to base 4.
23311030020
Convert -11440411 (base 5) to base 6.
-2155544
What is -12001000100 (base 3) in base 8?
-301521
What is 1015442454 (base 6) in base 12?
368642a
-1ab72e (base 16) to base 8
-6533456
86a51 (base 13) to base 6
5114550
-192488b (base 12) to base 10
-5275115
What is -696136 (base 12) in base 10?
-1690170
Convert -220a54 (base 11) to base 10.
-352653
Convert -100a8c7 (base 14) to base 6.
-430002023
Convert -6600154 (base 7) to base 5.
-201304244
-12423024 (base 6) to base 16
-63838
1725c0d (base 14) to base 12
39919b1
What is 6272455 (base 10) in base 11?
35a4652
What is 20313303 (base 4) in base 5?
2130324
100011626 (base 7) to base 12
1b21a6b
1011001200121 (base 3) to base 8
2252114
Convert -1a034 (base 16) to base 5.
-11402143
-10110101011111000110 (base 2) to base 6
-23533302
202323221 (base 4) to base 6
3022225
What is 75a02 (base 11) in base 5?
12012404
Convert 10c7a7 (base 13) to base 3.
202021021221
What is 125a77 (base 11) in base 16?
3068a
What is -70062 (base 9) in base 4?
-23032133
What is -58bbb (base 15) in base 3?
-112100220012
What is e1c4e6 (base 15) in base 10?
10723491
Convert -3d419d (base 16) to base 12.
-1417251
13a0049 (base 11) to base 9
4458714
Convert 9cf8b4 (base 16) to base 5.
10113143114
Convert -30835 (base 10) to base 2.
-111100001110011
Convert 6785 (base 9) to base 11.
3852
Convert -3457b (base 13) to base 14.
-26ab8
Convert 9dcecb (base 16) to base 11.
5924191
11001300321 (base 4) to base 2
101000001110000111001
What is 2b5c13 (base 15) in base 11?
1201194
-1102221020220 (base 3) to base 11
-483866
3322201022 (base 4) to base 15
154082
Convert 222101122122101 (base 3) to base 16.
d60996
Convert 11018543 (base 9) to base 2.
10100010100100110001111
What is -765737 (base 8) in base 4?
-332233133
Convert 122011112200 (base 3) to base 10.
337923
What is 641531 (base 7) in base 9?
178305
1cb488 (base 14) to base 16
fb710
-1321000212 (base 4) to base 14
-cc8bc
What is 1ee93 (base 15) in base 2?
11000101100101011
What is -100010111010011100 (base 2) in base 5?
-14034004
What is -110021120121 (base 3) in base 5?
-30213340
-3332301023 (base 4) to base 15
-1592db
30200342 (base 5) to base 2
111010110001010010
2b727 (base 15) to base 4
202023103
Convert 16a792a (base 11) to base 8.
13025573
-19145b (base 13) to base 12
-2653b7
What is -9590885 (base 11) in base 13?
-3661239
What is 13106116 (base 7) in base 2?
100100011110110011001
-25551350 (base 6) to base 4
-3030303102
What is -11605107 (base 10) in base 7?
-200433063
Convert 522f54 (base 16) to base 5.
2334323233
Convert 3c5998 (base 14) to base 5.
1013340312
What is -32752577 (base 8) in base 2?
-11010111101010101111111
What is -23044404 (base 5) in base 14?
-55229
What is 1364093 (base 13) in base 12?
2072282
-1312030 (base 5) to base 4
-12110202
What is -6540dd (base 14) in base 9?
-6407307
Convert 10a811 (base 14) to base 10.
566847
1797a (base 15) to base 3
10212210021
What is 205754 (base 8) in base 16?
10bec
What is 10010111110101101 (base 2) in base 4?
102332231
Convert -12030 (base 6) to base 10.
-1746
What is -213326425 (base 7) in base 13?
-284b726
Convert -14a614 (base 14) to base 15.
-e3582
What is 4734316 (base 8) in base 6?
43411434
Convert 1327a0 (base 12) to base 13.
b087a
What is 3bbb60 (base 12) in base 13?
28b012
What is 11011111001101011110000 (base 2) in base 3?
111202121010211
Convert b12ab1 (base 12) to base 6.
135115141
What is 299686 (base 11) in base 6?
14000302
21121021211 (base 3) to base 15
2e521
What is -1101001110101110 (base 2) in base 8?
-151656
What is -113746 (base 11) in base 16?
-2c166
-216538 (base 12) to base 14
-dad9a
b581 (base 16) to base 2
1011010110000001
10700383 (base 10) to base 11
60493a1
a6ca43 (base 13) to base 11
22324a2
-12112120221 (base 3) to base 8
-324773
What is -1173466 (base 8) in base 12?
-1383b2
Convert 10838a (base 12) to base 14.
6bcb8
What is a3391 (base 13) in base 4?
1013133122
-324680 (base 10) to base 3
-121111101012
-26ce84 (base 16) to base 3
-11210012122221
What is 112212112120120 (base 3) in base 7?
124115205
Convert -22202213003 (base 4) to base 14.
-51cdd9
Convert -1420332101 (base 5) to base 4.
-32003101021
Convert -79286 (base 15) to base 5.
-44312301
-162d4 (base 14) to base 4
-31202202
What is -325a6 (base 15) in base 9?
-263313
2320454 (base 6) to base 10
119410
-30041324 (base 7) to base 5
-1113340431
553225 (